4 - -1250. Suppose -l = 37*v - 45*v. What is the highest common divisor of v and 341?
31
Suppose n = 3*p + 17, 5*n + 3*p + p + 10 = 0. Let t be (n*72/(-4))/((-5)/70). What is the greatest common factor of 144 and t?
72
Let t = 164 - -61. Suppose -o - 3*z + 12 + 16 = 0, -z + 26 = o. Let p = 50 - o. Calculate the greatest common factor of t and p.
25
Suppose -40*d = 23*d - 70056. What is the greatest common factor of 139 and d?
139
Let u = 56 - 55. Let c(r) = -4 + 7*r - 6*r**3 - 6*r**2 + 7*r**3 + u - 4. Let d be c(6). Calculate the greatest common factor of d and 175.
35
Suppose 1649 + 991 = 22*u. What is the highest common divisor of 280 and u?
40
Suppose -2*c - t + 56 = 0, -2*c - 4*t + 56 = -7*t. Suppose 11*f = 6*f + 140. Calculate the greatest common divisor of c and f.
28
Let l be ((-6)/(-4))/(-6 - 798/(-132)). Suppose o - l = -w + 2*w, 3*o + 2*w = 74. What is the greatest common divisor of o and 182?
14
Let h(v) = v**3 + 8*v**2 - 15*v - 52. Let m be h(-9). Suppose -16 = -o - m*w, 4*o - w - 33 = -5. Calculate the highest common factor of o and 8.
8
Let l(r) = -r + 14. Let t be 5 - (-6 + 2 + 16). Let v be l(t). Let p = -13 + v. Calculate the highest common divisor of 12 and p.
4
Let s = 7 + -4. Suppose 17*q - 7*q - 50 = 0. Suppose 130 = -s*u + q*u. What is the greatest common divisor of 13 and u?
13
Let t be -1 - (-4 + 3 - 17). Suppose -3*n + 533 + 40 = -3*y, -5*y = 20. What is the greatest common divisor of n and t?
17
Let a be ((-72)/((-36)/3))/(3/136). Calculate the highest common factor of a and 5032.
136
Let q = 23 + 5. Let j be (-2 - -1)/(q/(-26) + 1). What is the greatest common factor of j and 117?
13
Let d = 68 + -60. Suppose -d*t + 3276 = 364. Calculate the highest common divisor of 56 and t.
28
Let c(g) = -g**2 + 11*g + 2. Let l be c(8). Let s(m) = -68*m - 32. Suppose 11*z = -34*z - 90. Let v be s(z). What is the highest common factor of v and l?
26
Let o be 6/63 - 4888/(-273). Suppose 2*n - 76 = -2*j, -5*j + 2 = -o. Calculate the highest common factor of n and 136.
34
Let g be 207*1 - (-4)/(-8)*-4. Suppose 181 = 5*v - g. Calculate the highest common factor of 26 and v.
26
Let k be 35/(-5) - 749 - -2. Let y = k + 789. What is the greatest common divisor of 7 and y?
7
Suppose -2*k + 26 = -46. Let r be (-189)/(-15)*(-44005)/(-4739). Calculate the greatest common divisor of k and r.
9
Suppose 5*a = -3*z + 40, -7*z + 4*z = a - 20. Suppose 5*w = -z*w + 2000. What is the greatest common divisor of w and 25?
25
Let n = 827 + -827. Suppose n*m = 9*m - 5715. Calculate the highest common divisor of 5 and m.
5
Let j = 11 + -106. Let f be ((-228)/j)/(12/2000). What is the greatest common factor of 25 and f?
25
Suppose 104*v + 4*k - 100 = 101*v, 0 = -4*v - 2*k + 150. Let o = 350 + 30. What is the greatest common divisor of o and v?
20
Suppose -2310 = 18*w - 88*w. Let a = 76 - 147. Let y = a + 368. What is the greatest common factor of w and y?
33
Let o = -66 - -70. Suppose -28*j + 256 = o*j. What is the greatest common divisor of j and 6?
2
Suppose 0 = -135*b + 22044 + 21156. What is the highest common divisor of 30 and b?
10
Suppose -269 = -5*c + 16. Suppose b = -4*x + 260, -243 + c = -3*x - 3*b. What is the greatest common divisor of x and 6?
6
Suppose -4*p - 5*b + 201 = 0, 7*b + 142 = 3*p + 2*b. What is the greatest common factor of p and 5341?
49
Let t = 13 - 9. Suppose g - t = -12. Let h(r) = -r**3 - 7*r**2 - 6*r - 8. Let a be h(g). What is the highest common factor of a and 13?
13
Suppose 2*b - 5*b + q = -223, 5*b = -5*q + 345. Suppose b*s + 60 = 74*s. Let t be (96/18)/(1/15). What is the highest common factor of t and s?
20
Let y be (567/(-56))/(6/28)*(-40)/3. What is the highest common divisor of y and 532?
14
Let i be -7 + (-598)/(-91) - 1*115/(-7). What is the highest common factor of i and 456?
8
Suppose 24024 + 33024 = 29*i + 13171. What is the greatest common divisor of i and 85?
17
Suppose 4*t - 85 = -3*x + 1404, -t + 4*x + 358 = 0. Let p = -13983 - -14131. Calculate the greatest common divisor of p and t.
74
Let s be 10/(-25) - (-9)/(-15). Let m be s/(-3) + 8/3. Suppose -c - m*o + 9 = -2*o, 4*c = -5*o + 40. What is the greatest common divisor of c and 2?
1
Suppose 6*q - 33*q + 13932 = 0. What is the highest common factor of 24 and q?
12
Let v = -1639 + 2057. Calculate the highest common divisor of 57 and v.
19
Suppose -7*q = -282 + 58. Suppose -144 = -q*n + 28*n. What is the highest common factor of 60 and n?
12
Let o(d) be the second derivative of d**3/3 - 5*d**2 + 7*d. Let n be o(10). Let l be 9/(54/30)*1. What is the highest common factor of l and n?
5
Let q(u) = 7*u - 111. Suppose -3*j = 1 - 49. Let l be q(j). What is the highest common divisor of l and 138?
1
Suppose -21*w + 57 = -2*w. Suppose -w*z + 147 = d, -8*d + 194 = 4*z - 6*d. Let h = 21 + -11. Calculate the greatest common factor of h and z.
10
Let c = -3434 + 3508. Calculate the highest common divisor of c and 2.
2
Let d(b) = 3*b**2 + 41*b + 266. Let k be d(-7). What is the greatest common divisor of k and 322?
14
Let d be -2 - (8 + -4) - -186. Suppose -4*j - j - 3*w = -d, -137 = -4*j - w. Calculate the greatest common divisor of 88 and j.
11
Suppose 109*u = 119*u - 60. Suppose -124 - 38 = -u*c. What is the greatest common divisor of 27 and c?
27
Let m = 4 + 22. Let i(n) = 14*n + 17*n - 2*n - 50*n - 171 - 24*n. Let s be i(-9). Calculate the highest common factor of s and m.
26
Let a(f) be the third derivative of -43*f**4/24 - 121*f**3/6 + 53*f**2. Let h be a(-4). What is the greatest common divisor of h and 6?
3
Let l be (-1)/(-4) - 33565/(-140). Let x be (-1 + -3)/((-6)/l). Calculate the greatest common divisor of x and 50.
10
Let v be 2/((-2)/(-20)*5). Suppose -v*r - 2 = 14. Let y be ((-378)/(-12) - (-2)/r)/1. Calculate the greatest common divisor of y and 279.
31
Let g be (3577/(-21))/(-7) + (-2)/6. Let w(j) = 5*j - 85. Let v be w(g). What is the highest common factor of v and 25?
5
Let c = -2707 + 2712. What is the highest common divisor of c and 36?
1
Let w(i) = 2*i**2 + i - 2. Let j be w(2). Suppose -266 = -30*z + 934. Calculate the greatest common divisor of z and j.
8
Let x = 197 + -215. Let y be x/4*(-1088)/102. Calculate the highest common divisor of y and 128.
16
Suppose 16*q + 588 = 108*q - 3828. Let d(w) = 80*w**3. Let g be d(1). Calculate the greatest common factor of g and q.
16
Let l(y) = 5*y - 54. Let r be l(12). Let j = -117 + 135. Calculate the greatest common divisor of r and j.
6
Suppose 0 = 22*m - 3635 + 863. Calculate the highest common factor of m and 8722.
14
Let i(c) = 39*c + 331. Let y be i(-7). Calculate the greatest common divisor of y and 232.
58
Let b = 91 - -73. Suppose 2*z + 24 - b = 0. Let k = 637147 - 637119. Calculate the greatest common divisor of k and z.
14
Let r(x) = 2*x**3 - 69*x**2 - 101*x - 235. Let v be r(36). What is the highest common factor of v and 8891?
17
Suppose m - 3*m - 115 = -y, 5*m - 473 = -4*y. Let n(b) = -2*b**3 + 321*b**2 + 1486*b - 138. Let t be n(165). What is the highest common factor of y and t?
9
Let r(o) = -2*o**3 + 15*o**2 - 11*o + 4. Let t be r(-5). Calculate the highest common factor of t and 432.
36
Let n be 3/(12/59) + 91/(-52) + 3. Calculate the highest common divisor of 314 and n.
2
Let x = 92 - 133. Let f = x + 91. What is the greatest common factor of 75 and f?
25
Suppose 3*p + 4*t - 96 = 0, 0*p - 160 = -5*p - t. Let z = 11 + -2. Let g be 60/z*12/10. What is the highest common divisor of p and g?
8
Let b be (-1050)/6 + (-2 - -3). Let y = -14 - b. Calculate the highest common factor of 8 and y.
8
Let z = -111 - -191. Let d be 48/z - 2/(-5). Calculate the greatest common divisor of 16 and d.
1
Suppose -41 - 31 = -6*t. Let o(x) = x**3 + 6*x**2 - 10*x + 12. Let v be o(-4). Calculate the greatest common divisor of t and v.
12
Let g be (10402/21 - (-2)/(-6)) + 6/(-2). What is the greatest common divisor of g and 8?
4
Let z = 4272 - 4268. What is the highest common factor of z and 316?
4
Let g(r) = 16*r + 9. Let u = 31 + -21. Let t be g(u). Suppose -335 - t = -7*l. What is the highest common divisor of 9 and l?
9
Let d(a) = 2*a**3 + 76*a**2 + 433*a + 3. Let h be d(-7). Let r be 301/3 - 2/6. What is the greatest common divisor of h and r?
10
Suppose -211 = 2*z + 3*g, 2*z + 7*g - 3*g + 210 = 0. Let 